. Give f(3).
6
Let u(t) be the first derivative of -11*t**2 + 54*t + 1998. Determine u(5).
-56
Let g(o) = 3*o - 5. Let s = -3925 - -3922. What is g(s)?
-14
Let f(p) be the third derivative of 0*p - 1/24*p**4 + 25*p**2 + 5/6*p**3 + 0. Give f(6).
-1
Let a = -90 + 85. Let f(s) = 36*s**3 + 4*s**2 + 3. Let i(p) = -18*p**3 - 2*p**2 - 2. Let r(l) = a*i(l) - 3*f(l). Let t be (-7)/9 - (-24)/(-108). Determine r(t).
17
Let r = 6603 - 6579. Let v(h) = h**2 - 24*h + 26. Determine v(r).
26
Let c(v) = 2*v**2 + 18*v + 2. Let z = -15629 + 15617. What is c(z)?
74
Suppose 0 = 4*b - 4*l + 8, -2*b - 3*l - 6 = 3. Let x(v) be the first derivative of 3*v**2/2 + 4*v - 3. What is x(b)?
-5
Suppose 0 = 2*m - 6, 3*q - 4*m = -5*m - 573. Let v = q - -185. Let h(l) = l**2 + 7*l - 1. Determine h(v).
-1
Let z(t) = -13*t + 4*t + 5*t + 3 + 1. Let x(j) = j**2 + 7*j + 18. Let p be x(-4). Calculate z(p).
-20
Let i(h) = -h**2 - 7*h - 6. Let r be ((-24)/(-10))/((-9)/(-30)). Suppose -12*j + r*j - 28 = 0. What is i(j)?
-6
Let s be -10*(-6)/(-24)*(-8)/10. Suppose -1 = s*c - 7. Suppose 0*z = c*z + 15. Let n(v) = -v**3 - 3*v**2 + 8*v + 4. Give n(z).
14
Let i(f) = 2*f + 5. Let d be i(2). Suppose -129 = d*j - 57. Let t(c) = -c - 5. Calculate t(j).
3
Let x(u) be the third derivative of -u**6/120 - u**5/15 + u**4/24 + u**3/2 + 52000*u**2 - 3*u. Let l be 47/(-9) - (-2)/9. Give x(l).
23
Let t(s) be the second derivative of -s**5/20 + 5*s**4/12 + 4*s**3/3 - 3*s**2/2 + 59*s. Let r = -25 + 17. Let w be (-50)/r + 2/(-8). Calculate t(w).
9
Let n(q) = 20*q**3 + 44*q**2 - 38*q + 257. Let c(x) = 17*x**3 + 42*x**2 - 38*x + 257. Let p(h) = -7*c(h) + 6*n(h). What is p(29)?
4
Let a(c) = c**3 - 6*c**2 + 5*c - 2. Let y be (-29*(0 + -3))/((-279)/186). Let u = y + 63. Calculate a(u).
-2
Let d(g) be the first derivative of g**4/4 + 5*g**3/3 - 2*g**2 - 6*g - 1405. What is d(-4)?
26
Let q(j) be the first derivative of 1/4*j**4 - 7 + 17/3*j**3 + 0*j + 1/24*j**5 + 0*j**2. Let n(t) be the third derivative of q(t). Calculate n(-4).
-14
Suppose -5*r + 23*o - 22*o = 17, 4*r = 4*o - 36. Let q(m) = 16*m + 3. Determine q(r).
-29
Let q(o) = -o**3 + 7*o**2 + 22*o - 2. Let h be q(9). Let j = 36 - h. Let f be j/3*(1 + -7). Let v(c) = -c**2 - 6*c - 3. Determine v(f).
5
Let l(x) = x**3 - 60*x**2 + 76*x - 1000. Let b be l(59). Let d(p) = -p**3 + 10*p - 29. Determine d(b).
-26
Let n(q) = 24 - q + 37 - 59. Let t = -26 - -26. Suppose 0 = -3*c - t*c. Calculate n(c).
2
Let y = -24 + 60. Let o = 39 - y. Let h(t) = 3 + 4114*t - 4109*t + t**2 - o*t**2. Calculate h(4).
-9
Suppose 0 = -0*d + d + 10. Let p(r) = 15*r - 471. Let v(h) = h - 32. Let k(b) = -2*p(b) + 29*v(b). What is k(d)?
24
Let d(g) = 2*g**2 + 9*g - 9. Let f be 880/(-143) - 2/(-13). What is d(f)?
9
Let f(t) = -t**3 + 45*t**2 + 90*t + 186. Let z be f(47). Let l(w) = 5*w + 16. Calculate l(z).
6
Suppose 2*x - r + 4 = r, 0 = -4*r + 12. Suppose 0 = -3*i + 4*w + 20 - x, 0 = -4*i - w. Let p(b) = 0*b - b - b. Give p(i).
-2
Let z(g) = 12*g**2 - 2 - 4*g + 19*g - 2*g - g**3. Suppose j = -11, -5*x + 1348*j = 1350*j - 43. Calculate z(x).
-2
Let i be -5 + -10*9/(-270)*42. Let s(n) = -2*n**2 + 18*n - 13. What is s(i)?
-13
Let j(v) be the first derivative of 11 + 2/3*v**3 + 13/2*v**2 - 1/6*v**4 + 0*v. Let g(h) be the second derivative of j(h). Determine g(5).
-16
Let o be (156/91)/(4/196). Suppose 33*t + o = 12*t. Let k(n) = n**2 + 4*n + 5. Calculate k(t).
5
Let g(r) = -86*r**2 - 4*r - 63*r**2 + 5*r - 8*r + 151*r**2 + 9. Let c be (-8)/6*(-4 - -1). What is g(c)?
13
Let f(z) = z**3 + 3*z**2 - 3*z - 4. Suppose 199 + 151 = 10*h. Let u = -38 + h. Determine f(u).
5
Let w(u) = -19 + 159300*u**2 - 159301*u**2 - 17 + 21*u - 48. What is w(5)?
-4
Let c(n) = -n**2 + 3. Let f(w) = 3*w**2 - 7. Suppose 5*a + 11 + 4 = -5*x, 2*a + 3*x + 7 = 0. Let g(t) = a*f(t) - 5*c(t). What is g(-2)?
-5
Let n be (-31 - -30)*-1*(-4)/(-2). Let c(z) = -3*z**2 + 7*z - 12. Let f be c(n). Let g(m) = -m**3 - 11*m**2 - 9*m + 1. Determine g(f).
-9
Suppose 3*g = 3, -5*g = -7*f + 2*f + 10. Let c(u) = 2*u**3 - u**2 + 3*u - 4. Let y(k) = -k**3 - 2*k + 3. Let q(n) = f*y(n) + 2*c(n). Give q(3).
10
Let k(q) be the second derivative of q**4/6 - 23*q**3/6 - 13*q**2 + 3*q - 196. Give k(12).
-14
Let d(o) = o - 10. Suppose 108 = 4*f - 4*q, 3*f - 21 = 2*q + 57. Suppose 46 = f*y - 74. What is d(y)?
-5
Suppose -10*g + 13*g - 408 = 0. Let d = 219 - g. Let w = d + -90. Let v(n) = -n - 10. Give v(w).
-3
Suppose 79*r + 32*r - 188 = 34. Let o(t) be the second derivative of -2*t**3/3 + t**2 - 2*t. Calculate o(r).
-6
Let f(a) = a**3 + 31*a**2 - 17*a + 42. Let c(p) = 2*p**3 + 55*p**2 - 35*p + 83. Let o(v) = -3*c(v) + 5*f(v). What is o(-12)?
9
Let m(j) = -j**2 + 38*j + 270. Let g(z) = -z**3 - 6*z**2 + 738*z + 5820. Let t be g(-8). What is m(t)?
6
Let w be (8/(-6))/(2/(-9)). Let c = -57 - -60. Let l(y) = -72*y**c + 71*y**3 + 0*y - 7*y + 7*y**2 + 8. Determine l(w).
2
Let j(d) = -6*d**2 + 3 + 3*d + 0*d**2 + 6395*d**3 - 6392*d**3. Calculate j(2).
9
Let s(r) = 9 + 105*r + 17 + 6 - 107*r. Determine s(-11).
54
Suppose 5*v = v + 8. Let r(j) = 4 + 7*j**2 - 5*j**v - 5*j - 2*j**2 - j**2. Let k = 154 - 160. Give r(k).
-2
Let m(s) = 9*s**3 - 5*s**2 - 8*s. Let p(b) = -3*b**3 + 2*b**2 + 3*b. Let o(w) = -4*m(w) - 11*p(w). Suppose -i + 1 + 7 = 0. Suppose i - 6 = -d. Calculate o(d).
18
Let b = -35 + 37. Suppose 0 = -2*k + 3*r - b - 2, r = -k - 12. Let t be 1/(-3) + k/12 + 3. Let u(i) = i - 1. Give u(t).
1
Let w(a) = -a**3 + 1740*a - 15 + 0*a**3 - 581*a - 20*a**2 - 581*a - 581*a. Determine w(-20).
45
Let b(g) = g + 2. Suppose -8 = -2*a - 4. Suppose 0 = -3*n + i + 97, a*i = -3*n - 3*i + 73. Let c = n - 35. Calculate b(c).
-2
Let a(m) = -m**3 - 3*m**2 - 2*m - 2. Let b(t) = -t**3 - 10*t**2 + 9*t - 4. Let i be b(-12). Let o = -179 + i. Calculate a(o).
4
Let t(n) be the second derivative of 3*n**4/2 + 8*n**3/3 + n**2/2 + 3462*n. Determine t(-1).
3
Let z(i) = -286 + 288 + 0*i - 217*i**3 - 2*i - 4*i**2 + 218*i**3. Determine z(5).
17
Let l(f) = 123*f - 44. Let r(s) = 46*s - 15. Let p(x) = 3*l(x) - 8*r(x). Let t(v) = -2*v**3 - v**2 + 3*v + 3. Let a be t(-2). Calculate p(a).
-3
Suppose -4*h - 5*n = 25, 4*h + 2*n = 19 - 41. Let s(q) = 3*q**2 + 9*q. Calculate s(h).
30
Let f(v) = v**3 + 4*v**2 - 8*v - 5. Let c = 12 + -68. Let o = -62 - c. What is f(o)?
-29
Let b(x) be the second derivative of -25/2*x**2 + 0*x**3 + 0 - 1/24*x**4 - 11*x. Let k(t) be the first derivative of b(t). Determine k(-2).
2
Suppose -29*s + 32*s = 15. Suppose 0 = -u - s*c + 6 + 1, u + c - 3 = 0. Let h(m) = -m + u - 2 + 2 + 3. Give h(8).
-3
Suppose 164*a + 16 = 156*a. Let x(b) = -b**3 - b - 2. Determine x(a).
8
Let g(r) = r**2 + 6*r - 1. Let w be 2/(-1*(1 + 1)) - -22. Suppose -w*n + 15 = -18*n. Suppose u = n*v + 12 + 1, -2*u - 2*v = 22. What is g(u)?
6
Let g = -59 + 59. Suppose v - 4*v = -m + 13, m + v - 9 = g. Suppose -8 = -m*c + 14*c. Let t(w) = -2*w**2 + 2*w + 3. Calculate t(c).
-9
Let g be 1/((-5)/(-35)*-1). Let d(o) = -o**2 + 48. Let h be d(g). Let l(r) = 4*r**2 - r - 1. Calculate l(h).
4
Let x(a) = 3*a**2 + 43*a - 35. Let t be x(-15). Let g(u) be the first derivative of u**3/3 + 5*u**2/2 + 2*u - 40. What is g(t)?
2
Suppose -1 = -2*y - 5*u, -9*y = -4*y - 4*u - 19. Let c(b) = -b**2 + 22*b - 17. Let p(v) = v**2 - 20*v + 18. Let f(i) = y*p(i) + 2*c(i). Determine f(14).
-8
Let i(m) = m**2 + 13*m + 14. Let v be (14/(-10) + 1)/(32/480). Let c be ((-2)/1 + -2)*(v - -9). Calculate i(c).
2
Let v(g) = g**3 + 26*g**2 + 26*g + 29. Let n be v(-25). Suppose -z = 5*j + 7, 20 = 6*z - 2*z + n*j. Let q(m) = 9*m + 5*m + z*m + 1 - 20*m. Give q(1).
3
Let r(y) = -y**2 - 4*y - 3. Let c be 700/90 - 6/(-27). Suppose 13*i + 2 = m + 11*i, 4*m - 4*i = -c. Give r(m).
-15
Suppose 0 = 2*o + 2*m, 2*m + 6 = 2*o - 2*m. Let b = 1039 - 1034. Let d(j) = j + 1. Let p(s) = -9*s - 3. Let f(t) = b*d(t) + o*p(t). What is f(2)?
-6
Let u be (-4)/(-3)*(5 - (-172)/16). Let o(r) = r**2 - 22*r + 33. Give o(u).
12
Let a(g) be the third derivative of -g**6/144 - 73*g**4/12 + 13*g**2 - 2*g. Let l(z) be the second derivative of a(z). Let j = 2 + -3. Give l(j).
5
Let h(o) = o**2 + 19*o + 8. Let l(s) = s**3 - 57*s**2 - 177*s - 198. Let y be l(60). What is h(y)?
-10
Let k(v) be the second derivative of v**5/5 + v**4/12 + v**3/6 - v**2/2 + 1320*v. Let q = -5 + 9